et l(i) = -3527*i - 38797. Calculate l(-11).
0
Let p(t) = -2*t**3 + 39*t**2 - 25*t - 38. Calculate p(19).
-152
Let l(i) = i**3 - 17*i**2 - 5*i + 125. Calculate l(17).
40
Let s(o) = -59*o + 1935. Determine s(34).
-71
Let c(i) = i**3 + 10*i**2 + 83*i + 562. What is c(-8)?
26
Let a(h) = -h**3 - 7*h**2 + 34*h - 102. Give a(-11).
8
Let l(u) = -2*u + 38. Calculate l(16).
6
Let y(p) = -2*p**2 - 5*p - 44. Give y(13).
-447
Let i(q) = -60*q + 25. What is i(1)?
-35
Let n(i) = 5*i**2 - 83*i + 186. Determine n(14).
4
Let a(m) = -41*m - 44. Calculate a(0).
-44
Let j(o) = 6*o**2 - 49*o - 47. Give j(13).
330
Let v(g) = 3*g**2 - 10*g - 44. Give v(4).
-36
Let m(l) = 119*l + 839. Calculate m(-7).
6
Let a(y) = -y**3 + 38*y**2 - 79*y - 3. What is a(36)?
-255
Let t(p) = 2*p**2 - 7*p + 78. What is t(9)?
177
Let a(j) = 12*j**3 + 5*j**2 + 5*j + 8. Determine a(-2).
-78
Let a(y) = -y**3 - 23*y**2 - 10*y + 47. Determine a(-23).
277
Let u(s) = 94*s + 3575. Calculate u(-36).
191
Let d(r) = -r**2 + 33*r + 118. What is d(36)?
10
Let p(u) = 15*u**2 - 24*u + 78. Calculate p(3).
141
Let v(r) = -97*r**2 - 6*r - 2. Calculate v(-1).
-93
Let y(t) = t**2 - 18*t + 54. Give y(3).
9
Let n(x) = 34*x - 343. What is n(11)?
31
Let o(l) = 2*l**3 - 4*l**2 - 90*l + 15. What is o(-6)?
-21
Let j(h) = -116*h + 3069. Calculate j(26).
53
Let o(u) = u**3 + 20*u**2 - 16*u - 389. Give o(-19).
276
Let u(y) = -y**2 + 37*y + 1207. What is u(-23)?
-173
Let p(n) = -3453*n + 10365. Give p(3).
6
Let h(n) = -n**2 - 8*n + 97. What is h(-21)?
-176
Let n(t) = 9*t**2 - 22*t - 52. Calculate n(-5).
283
Let a(w) = -77*w**2 + 11*w - 1. Give a(-1).
-89
Let y(z) = -32*z + 833. Give y(26).
1
Let i(p) = p**3 - 6*p**2 + 2*p - 42. Give i(8).
102
Let d(r) = -7320*r - 29282. Determine d(-4).
-2
Let d(a) = -a**3 + a**2 + a + 42. What is d(0)?
42
Let u(b) = b**3 + 23*b**2 + 66*b + 36. What is u(-20)?
-84
Let i(j) = -j**3 - 12*j**2 - j + 41. What is i(-14)?
447
Let y(j) = -4*j**3 + 26*j**2 + 31*j + 4. What is y(-1)?
3
Let n(k) = -k**3 + 60*k**2 - 18*k + 1099. Determine n(60).
19
Let n(a) = 54*a**2 - 58*a + 56. Determine n(1).
52
Let v(x) = 7*x**2 + 30*x - 154. Give v(6).
278
Let z(p) = -21*p**2 + 187*p - 53. What is z(8)?
99
Let y(k) = 309*k - 4068. Give y(13).
-51
Let q(l) = 2*l**3 + 141*l**2 - 69*l + 133. Determine q(-71).
-9
Let w(y) = y**3 - 35*y**2 + 61*y + 180. Give w(33).
15
Let x(l) = -42*l**2 + 680*l - 127. Give x(16).
1
Let p(k) = -18*k**3 + k**2 + 5. Calculate p(-2).
153
Let s(u) = u**3 + 12*u**2 - 52*u - 107. Determine s(-15).
-2
Let z(g) = -315*g + 4101. Give z(13).
6
Let l(r) = -353*r - 421. Calculate l(0).
-421
Let f(y) = 1136*y - 40899. Give f(36).
-3
Let b(j) = 69*j**2 + 7*j + 8. Calculate b(-1).
70
Let m(w) = w**2 + 9*w - 140. Calculate m(-17).
-4
Let v(x) = x**3 + 31*x**2 + 2*x + 54. Determine v(-31).
-8
Let g(s) = 15*s - 103. Calculate g(-11).
-268
Let o(j) = -j**3 - 8*j**2 + 9*j + 5. What is o(-7)?
-107
Let m(k) = -k**2 + 39*k - 383. Calculate m(25).
-33
Let g(f) = -10*f**2 + 160*f + 164. Calculate g(17).
-6
Let s(v) = -v**3 + 21*v**2 - 127*v - 17. Give s(13).
-316
Let y(m) = 47*m**2 - 21*m + 46. Calculate y(4).
714
Let i(x) = -x**2 - 154*x - 1165. What is i(-8)?
3
Let h(y) = y**3 - 16*y**2 - 43*y - 1. What is h(18)?
-127
Let h(r) = -r**2 - 3772*r + 206595. Calculate h(54).
-9
Let j(q) = 5*q**3 - 36*q**2 + 26*q - 135. Give j(6).
-195
Let h(r) = r**3 + 16*r**2 - 46*r - 471. Give h(-17).
22
Let c(r) = -2*r**2 + 174*r + 2281. Give c(99).
-95
Let l(j) = -114*j - 15713. What is l(-138)?
19
Let o(b) = 5*b + 46. Give o(-22).
-64
Let d(m) = -m**3 - 91*m**2 - 1476*m - 425. Give d(-70).
-5
Let m(q) = 43*q - 154. Calculate m(11).
319
Let x(q) = 156*q + 1697. Give x(-8).
449
Let g(c) = 48*c + 40. Determine g(-3).
-104
Let s(y) = -40*y - 561. Calculate s(-12).
-81
Let j(n) = n**2 + 168. What is j(0)?
168
Let a(h) = 4*h**3 + 16*h**2 + 11*h - 6. Calculate a(-4).
-50
Let z(x) = x**2 + 9*x - 91. What is z(0)?
-91
Let a(w) = 22*w + 201. Determine a(-9).
3
Let t(b) = -2*b**2 + 31*b + 154. Calculate t(19).
21
Let y(n) = n**2 - 32*n - 381. Calculate y(-10).
39
Let g(h) = 7*h**2 + 3815*h + 7614. Determine g(-2).
12
Let q(i) = -77*i**2 - 12*i + 30. What is q(2)?
-302
Let c(k) = 231*k - 3747. Give c(17).
180
Let k(n) = n**3 + 28*n**2 + 26*n - 22. Calculate k(-27).
5
Let x(q) = -61*q - 2376. Give x(-39).
3
Let f(v) = -73*v + 3285. Calculate f(43).
146
Let p(z) = 296*z + 13. What is p(0)?
13
Let j(n) = 26*n + 483. Calculate j(-19).
-11
Let w(p) = -2*p**2 + 26*p - 359. Calculate w(18).
-539
Let g(u) = 2*u**3 + 3*u**2 - 25*u - 24. Determine g(-6).
-198
Let q(k) = 2*k**3 + 68*k**2 - 112*k - 1458. What is q(-35)?
12
Let i(z) = z**2 + 21*z - 306. Determine i(-31).
4
Let j(c) = -108*c - 8635. Calculate j(-80).
5
Let k(v) = -v**3 + 39*v**2 + 77*v + 188. Calculate k(41).
-17
Let a(z) = -34*z - 790. Determine a(-23).
-8
Let l(n) = n**2 - 9*n - 143. Determine l(19).
47
Let k(w) = w**2 + 218*w + 2133. Calculate k(-10).
53
Let c(j) = -j**2 + 35*j + 16. Give c(6).
190
Let u(t) = -644*t + 7677. Determine u(12).
-51
Let w(b) = 54*b - 968. What is w(18)?
4
Let t(p) = -p**3 - 15*p**2 + 129*p - 7. Calculate t(6).
11
Let q(p) = 115*p - 1271. Calculate q(11).
-6
Let w(m) = 67*m - 5262. Give w(79).
31
Let x(s) = 2*s**2 + 113*s + 1013. What is x(-45)?
-22
Let g(a) = -3*a**2 - 49*a + 134. What is g(-26)?
-620
Let j(z) = 773*z + 2327. Calculate j(-3).
8
Let k(u) = -u**2 + 58*u + 395. Calculate k(-5).
80
Let o(h) = 4*h**2 - 133*h + 807. Calculate o(6).
153
Let h(z) = -6*z**3 + 14*z**2 + 3*z + 8. Calculate h(5).
-377
Let x(r) = -21*r + 557. Calculate x(27).
-10
Let c(t) = -t**2 - 20*t - 41. Calculate c(-17).
10
Let n(x) = -11*x**2 + 6*x + 32. Determine n(5).
-213
Let j(u) = u**3 - 15*u**2 + 55*u - 11. Determine j(9).
-2
Let r(w) = -6*w**2 + 11*w - 31. Give r(7).
-248
Let v(a) = -51*a**2 + 106*a + 30. Calculate v(3).
-111
Let i(q) = 18*q**2 + 56*q - 8. Calculate i(-4).
56
Let g(s) = s**3 + 49*s**2 - 57*s - 350. What is g(-50)?
0
Let j(x) = 40*x**2 + 22*x - 17. What is j(2)?
187
Let m(k) = 2*k**3 + 113*k**2 + 177*k + 46. Calculate m(-55).
-614
Let v(o) = -10*o - 67. Calculate v(-1).
-57
Let h(n) = -8*n**2 + 9*n - 18. What is h(2)?
-32
Let u(f) = 20*f + 775. Calculate u(-37).
35
Let u(l) = -64*l**2 - 2*l. What is u(-1)?
-62
Let i(q) = -5*q**3 + 102*q**2 + 176*q. Determine i(22).
0
Let f(g) = 6*g**2 + 166*g + 653. What is f(-23)?
9
Let j(s) = -38*s**3 + 365*s**2 + 144*s + 55. Determine j(10).
-5
Let n(k) = k + 51. Calculate n(-3).
48
Let o(k) = -k**3 + 104*k**2 + 565*k + 97. Calculate o(-5).
-3
Let i(s) = -s**3 - 45*s**2 + 163*s - 19. Calculate i(-48).
-931
Let g(s) = 9*s**3 + 49*s**2 - 4*s + 68. Calculate g(-6).
-88
Let t(l) = 3*l**2 + 109*l - 177. What is t(-37)?
-103
Let f(p) = -114*p - 5137. What is f(-42)?
-349
Let f(y) = -8*y**2 - 39*y + 7. Calculate f(-6).
-47
Let b(y) = -2*y**3 - 31*y**2 + 16*y - 45. Give b(-16).
-45
Let d(j) = j**3 + 81*j**2 - 6*j - 511. Give d(-81).
-25
Let f(x) = x**3 + 71*x**2 + 69*x - 166. Calculate f(-70).
-96
Let z(p) = -p**3 + 13*p**2 - 29*p - 11. Calculate z(6).
67
Let a(i) = 3*i**3 + 21*i**2 + 42*i + 111. Give a(-7).
-183
Let q(z) = 109*z - 1686. Give q(17).
167
Let t(a) = a**2 + 109*a - 1062. Give t(9).
0
Let a(z) = -81*z + 4370. What is a(51)?
239
Let v(m) = -306*m - 2731. Calculate v(-9).
23
Let o(z) = 325*z**2 + 633*z + 4. Calculate o(-2).
38
Let k(q) = 315*q - 3163. Give k(10).
-13
Let v(s) = 6*s**2 - 140*s - 19. Calculate v(23).
-65
Let f(a) = a**3 + 41*a**2 + 30*a - 108. What is f(-40)?
292
Let n(a) = -a**3 + 16*a**2 - 166*a + 1937. What is n(14)?
5
Let d(i) = i**3 + 4*i**2 - 22*i - 199. What is d(-7)?
-192
Let h(s) = -3825*s - 26776. What is h(-7)?
-1
Let k(u) = -u**2 - 41*u - 276. Calculate k(-9).
12
Let o(n) = 1944*n + 7679. Calculate o(-4).
-97
Let c(n) = n**2 + 153*n + 23. Give c(0).
23
Let l(q) = 47*q + 2825. Give l(-60).
5
Let j(x) = -x**3 - 37*x**2 + 51*x - 1046. Give j(-39).
7
Let p(t) = 6*t**3 - 2*t**2 - 5*t + 1. Give p(3).
130
Let j(t) = t**3 + 145*t**2 - 408*t - 59158. Determine j(-145).
2
Let k(s) = -s**2 + 14*s - 31. Give k(14).
-31
Let d(o) = 15486*o - 92950. Give d(6).
-34
Let t(x) = -x**2 - 52*x + 302. Calculate t(6).
-46
Let l(v) = -6*v**3 + 100*v**2 + 71*v - 635. Give l(17).
-6
Let n(u) = 5*u**2 